. What are the prime factors of ((-2)/p)/((-2)/(-15))?
5
Suppose 2*w + 0*w = 54. List the prime factors of w.
3
Suppose -5*s + 5*b = -275, 2*s - 62 = -5*b + 34. What are the prime factors of s?
53
List the prime factors of 31 - (1 + (-4 - -1)).
3, 11
Let r = 5 - -68. Suppose -7*s + 2*s - 4*u + r = 0, 0 = 5*s - 3*u - 59. What are the prime factors of s?
13
Let o be 1/3*3*20. Let x = o - -4. What are the prime factors of x?
2, 3
Let u = -2 + 0. Let t = -6 + u. List the prime factors of (-5)/20 + (-66)/t.
2
What are the prime factors of 730/10 + (-1 - -1)?
73
List the prime factors of (0 + 2 - -35)/((-2)/(-2)).
37
Suppose 62 = 2*h - u, -134 = -4*h - 0*u - 3*u. List the prime factors of h.
2
Let d be (-12)/(-3) - -1*3. Let f = 10 - d. List the prime factors of f.
3
Suppose 4*q = -q - 20, -q = 3*d - 20. Suppose 5*r = 19 + 1. Let t = r + d. List the prime factors of t.
2, 3
Let j = 0 + 2. Suppose -j*i = i - 75. What are the prime factors of i?
5
Let r be (-29)/(-9) - 16/72. Suppose -4*q - 5*t = q - 180, r*q - 108 = 3*t. Suppose 6*s - q = 3*s. List the prime factors of s.
2, 3
Suppose -6*h + 23 = -3*h - 2*p, -2*h - 4*p = 6. Suppose h*b - 29 = 26. List the prime factors of b.
11
Let b(c) = 2*c + 2. Let p be b(-3). Let y be p/(-3)*(-27)/6. Let i = y + 15. What are the prime factors of i?
3
Let w(q) = 2*q - 19. List the prime factors of w(11).
3
Let u be ((-2)/5)/(6/(-30)). Suppose 0 = 4*m, -m + 5 = -u*v + 49. What are the prime factors of v?
2, 11
Suppose -6*h + 8 = -2*h + 4*v, 2*v - 8 = -4*h. Let j(g) = -2*g + 0*g + h + 0*g. List the prime factors of j(-2).
2, 3
Let t = -203 - -303. List the prime factors of t.
2, 5
Suppose -2*v + 0*v = -6. Suppose 4*l = -v*p + 146, 0 = 3*p + 5*l + 15 - 166. List the prime factors of p.
2, 3, 7
Suppose 4*s = 4*h - 24, -2*h + 5*s = 2*h - 25. Suppose 0*g + h*g = 35. What are the prime factors of g?
7
Suppose 0 = 3*j + 3, -2*i + 0*j = 4*j - 354. What are the prime factors of i?
179
Let d(f) = f**3 - f**2 + 8. What are the prime factors of d(0)?
2
Suppose -6*d - 5*a + 30 = -d, d - a = 16. Suppose m = 3*q - d - 6, m + 22 = 4*q. List the prime factors of q.
5
Let u(w) = -w**3 + 10*w**2 - 5*w - 11. What are the prime factors of u(8)?
7, 11
List the prime factors of (-424)/(-32) + (-6)/(-8).
2, 7
Let g(l) be the second derivative of l**4/12 - l**3/6 - 4*l. Let t be g(2). Suppose 26 = t*r - 4*x, 0 = -3*r + r - 4*x + 42. What are the prime factors of r?
17
Suppose 0 = 2*x - 167 + 17. What are the prime factors of x?
3, 5
List the prime factors of -8 + 6 + (-68)/(-2).
2
List the prime factors of (35 - 12)/(1/1).
23
Suppose 3 + 137 = 5*t. Suppose 0*i - 2*i + t = 0. List the prime factors of i.
2, 7
Suppose -k + 4*k + 135 = 0. List the prime factors of k/(-3) - (-1 + 3).
13
Let y = -37 - -22. Let n = y + 25. List the prime factors of n.
2, 5
Suppose 39 = -4*k + 5*q, q + 9 = -0*k - 2*k. Let x = k + 22. List the prime factors of x.
2
Let r(g) = g - 1. Let p(n) = n**2 - 9*n + 1. Let x(f) = p(f) + 5*r(f). List the prime factors of x(6).
2
Let j(b) be the second derivative of b**5/20 + b**4/2 + b**3/6 + 2*b**2 - 2*b. List the prime factors of j(-5).
2, 3
What are the prime factors of ((1 + -2)/(3/(-537)))/1?
179
Suppose 5*k - h = 17 + 31, k - 20 = -5*h. Let d = 13 - k. List the prime factors of d.
3
Let z(s) be the first derivative of 15*s**2/2 - 2*s - 4. Let k be z(2). Suppose 5*x = k + 57. List the prime factors of x.
17
Let d = -9 - -18. Let h be 6/d - 8/(-6). Suppose 0 = h*p - 6*p + 20. List the prime factors of p.
5
Let r(q) = 12*q**2 + 0*q**2 - q**3 - 61*q + 14 + 61*q. What are the prime factors of r(12)?
2, 7
Let f = -12 + 8. Let w be ((-20)/1 + 0)/(-2). What are the prime factors of (f/w)/(1/(-35))?
2, 7
Suppose 3*j = -9 - 210. Let v = j + 108. Suppose -2*t + 3*l = -v, 2*t + 3*l = -l. What are the prime factors of t?
2, 5
What are the prime factors of 4 + 19 - 2 - 2?
19
Suppose -15 = -4*g - 3. Suppose -3*c - 4*u - 22 = -g*u, -2 = 3*c - 4*u. What are the prime factors of (20/c)/((-12)/18)?
5
Suppose p = -4 + 6. Suppose p*s - z = 4*z + 56, -5*s + 3*z + 102 = 0. What are the prime factors of s?
2, 3
Let m be 15*1*2/(-5). Let d(g) = 4*g - 7. Let h be d(m). Let b = h - -48. List the prime factors of b.
17
Suppose 0 = -5*s + 2*l + 76, 3*s - l - 43 - 2 = 0. List the prime factors of s.
2, 7
Let t = 381 + -92. Suppose 0 = 6*s + 19 - t. What are the prime factors of s?
3, 5
Suppose g = -2*o + 12, 0 = 2*g - 2*o - o - 52. List the prime factors of g.
2, 5
Let n(s) = 5*s + 1 - 1 + 3*s - 6. List the prime factors of n(4).
2, 13
Let i(n) = -6*n**3 + n**2 + 4*n + 3. Let c be i(-2). Let h = c + -30. What are the prime factors of h?
17
Suppose -158 - 82 = -5*t. List the prime factors of t.
2, 3
Suppose 5*c = 6 - 1. Let f = 8 - c. List the prime factors of f.
7
Let r(b) = -b**2 - 12*b - 7. List the prime factors of r(-6).
29
Let p be -3*30/(-9) - 3. Suppose 0 = k + 3, -t + 4*k = p*k - 46. What are the prime factors of t?
5, 11
Let a(x) = x**2 + 9*x + 8. Let k be a(-9). Let d be (k/3)/((-8)/(-12)). Suppose 0 = -t + 1, 5*f - 36 = -0*t + d*t. What are the prime factors of f?
2
Let s be (-30)/(-1*(-3 + 2)). What are the prime factors of s/((4 - 1)/(-3))?
2, 3, 5
List the prime factors of (-26)/4*(-48)/6.
2, 13
Let l be (-12)/(-7) + 6/21. Suppose -41 = -l*u - 3*o, 3 = u - 0*u - 2*o. List the prime factors of u.
13
Suppose 0 = 11*m - 1633 - 490. List the prime factors of m.
193
What are the prime factors of 46/6*9 + 2?
71
Suppose 4*o - 5*j - 54 - 25 = 0, 2*j - 10 = -o. Suppose 5*r - 4*d - 84 = 0, -r + 0*r = -d - o. What are the prime factors of r?
2, 5
Let a be ((-3)/2)/((-6)/80). Let h be ((-36)/a)/((-6)/20). Let g = h - -3. What are the prime factors of g?
3
Suppose 5*r + 0*r = 5*p + 10, -2 = -r - p. List the prime factors of 9/(r - 2/4).
2, 3
What are the prime factors of (-4)/(-3) - (-1422)/27?
2, 3
Suppose -5*b + 2*f = -18, -4*b + 3*f = 8 - 28. Let t be (6/(-9))/(2/(-21)). Let u = t - b. What are the prime factors of u?
5
Let o(r) = -r. Let k(u) = 4*u**2 + u. Let y be k(-1). Let l(z) = 1. Let d(s) = y*o(s) - 4*l(s). List the prime factors of d(-5).
11
Suppose 0 = 5*y - 4*l - 304 - 82, -4*y + 4*l = -308. List the prime factors of y.
2, 3, 13
Let f = -43 + 60. What are the prime factors of f?
17
Suppose -2*h = -133 - 343. List the prime factors of h.
2, 7, 17
Let h = -98 + 168. Suppose 0 = -4*r - r + h. List the prime factors of r.
2, 7
Let y = -43 - -108. Suppose 3*k + 12 = 4*k - 3*o, 4*k - y = -5*o. What are the prime factors of k?
3, 5
Suppose n = 2*n - 24. List the prime factors of n.
2, 3
Let z(g) = -4*g - 43. Let j(x) = -x - 14. Let v(b) = -7*j(b) + 2*z(b). Let c(k) = -k + 3. Let n be c(-4). List the prime factors of v(n).
5
Suppose -4*p + 4 = -40. Let i = 14 + p. What are the prime factors of i?
5
Let d be 44 + -6 + 3 + -2. Suppose 2*c - d = 13. List the prime factors of c.
2, 13
Suppose 0*g = 3*g - 207. List the prime factors of g.
3, 23
Let l = -12 - -3. Let t(v) = v + 11. Let u be t(l). Let w = u - -2. List the prime factors of w.
2
Let y = 196 - 129. What are the prime factors of y?
67
Suppose 5*s = 17 + 8. Suppose 2*f = 6*k - 2*k - 4, 0 = -s*k + f - 1. List the prime factors of (k - 15/6)*-2.
7
Suppose -19 - 41 = -6*q. Suppose -u = -6 - q. What are the prime factors of u?
2
Let u(n) = 2*n**2 + n - 2. Let k(g) = g**2 + 2*g - 1. Let d(a) = -4*k(a) + 3*u(a). Let t be 1/3*(2 - -13). List the prime factors of d(t).
23
Let p = 588 - 416. Suppose 0 = 6*w - p - 38. What are the prime factors of w?
5, 7
Let l(v) = 2*v**2 - 4*v. Let o(z) = 5*z**2 - 11*z. Let w(j) = 11*l(j) - 4*o(j). List the prime factors of w(-3).
2, 3
Suppose 4*p = -0*h + h + 347, 0 = 3*h - 3. Suppose f = 6*f - 4*x - 132, -4*f - 3*x = -p. What are the prime factors of f?
2, 3
Suppose 0*x - x = -2*t + 6, 3*x - 2*t = -6. Let m = 5 - x. List the prime factors of m.
5
Suppose 3*l - 4*l = -57. List the prime factors of l.
3, 19
Let i(a) = -a**3 + a + 122. What are the prime factors of i(0)?
2, 61
Suppose 5*x + 5 = -v, 5*v - 17 + 0 = -4*x. Let l(m) = -m + 2. Let i be l(x). Suppose 0*c - 57 = -4*a + 5*c, -3*c = i*a - 17. What are the prime factors of a?
2
Suppose -s + 104 + 69 = 0. List the prime factors of s.
173
Suppose 3 = 5*h + 5*f - 22, -h + 4*f = -30. Let k = 47 - h. What a